s divided by 874.
119
Calculate the remainder when 34868 is divided by 689.
418
Calculate the remainder when 4750 is divided by 754.
226
What is the remainder when 16649 is divided by 5528?
65
Calculate the remainder when 741053 is divided by 1093.
1092
Calculate the remainder when 118557 is divided by 31.
13
Calculate the remainder when 5726854 is divided by 188.
186
Calculate the remainder when 384 is divided by 318.
66
Calculate the remainder when 18059 is divided by 215.
214
Calculate the remainder when 1316977 is divided by 37.
36
What is the remainder when 4793 is divided by 54?
41
Calculate the remainder when 263465 is divided by 102.
101
What is the remainder when 13136 is divided by 304?
64
What is the remainder when 42129 is divided by 83?
48
What is the remainder when 58067 is divided by 63?
44
Calculate the remainder when 10915 is divided by 498.
457
Calculate the remainder when 55216 is divided by 690.
16
Calculate the remainder when 2458 is divided by 2454.
4
What is the remainder when 5705 is divided by 588?
413
What is the remainder when 24939 is divided by 1084?
7
What is the remainder when 21882 is divided by 21785?
97
What is the remainder when 14071 is divided by 1394?
131
What is the remainder when 8273 is divided by 460?
453
What is the remainder when 1789 is divided by 17?
4
Calculate the remainder when 689 is divided by 231.
227
What is the remainder when 23095 is divided by 23060?
35
What is the remainder when 41362 is divided by 48?
34
Calculate the remainder when 226 is divided by 199.
27
Calculate the remainder when 413333 is divided by 1694.
1691
Calculate the remainder when 2040 is divided by 902.
236
Calculate the remainder when 124665 is divided by 31.
14
What is the remainder when 31350 is divided by 10443?
21
Calculate the remainder when 105065 is divided by 735.
695
What is the remainder when 1275 is divided by 670?
605
Calculate the remainder when 31197 is divided by 195.
192
What is the remainder when 3624 is divided by 83?
55
Calculate the remainder when 12126 is divided by 5883.
360
What is the remainder when 21806 is divided by 4350?
56
Calculate the remainder when 215 is divided by 54.
53
Calculate the remainder when 9155 is divided by 1128.
131
Calculate the remainder when 57691 is divided by 83.
6
What is the remainder when 41474 is divided by 637?
69
What is the remainder when 21133 is divided by 58?
21
Calculate the remainder when 3622 is divided by 222.
70
Calculate the remainder when 1794 is divided by 45.
39
Calculate the remainder when 8526 is divided by 4261.
4
What is the remainder when 2399 is divided by 308?
243
Calculate the remainder when 8592 is divided by 79.
60
Calculate the remainder when 76700 is divided by 10953.
29
Calculate the remainder when 11710 is divided by 447.
88
Calculate the remainder when 348878 is divided by 611.
608
Calculate the remainder when 97 is divided by 17.
12
Calculate the remainder when 70755 is divided by 329.
20
Calculate the remainder when 261986 is divided by 23.
16
Calculate the remainder when 22232 is divided by 694.
24
What is the remainder when 427 is divided by 79?
32
Calculate the remainder when 51488 is divided by 341.
338
What is the remainder when 534581 is divided by 18?
17
Calculate the remainder when 49225 is divided by 3503.
183
Calculate the remainder when 576 is divided by 456.
120
What is the remainder when 43080 is divided by 937?
915
Calculate the remainder when 4875843 is divided by 1528.
1523
What is the remainder when 28865 is divided by 269?
82
What is the remainder when 17815 is divided by 1978?
13
Calculate the remainder when 10430 is divided by 34.
26
Calculate the remainder when 9361 is divided by 432.
289
Calculate the remainder when 5491 is divided by 1142.
923
Calculate the remainder when 231520 is divided by 34.
14
Calculate the remainder when 21550 is divided by 31.
5
Calculate the remainder when 10834 is divided by 256.
82
Calculate the remainder when 15737 is divided by 1967.
1
What is the remainder when 1273 is divided by 359?
196
What is the remainder when 2471 is divided by 772?
155
What is the remainder when 37127 is divided by 122?
39
Calculate the remainder when 153212 is divided by 7659.
32
Calculate the remainder when 23805 is divided by 62.
59
Calculate the remainder when 905471 is divided by 864.
863
Calculate the remainder when 12236 is divided by 2433.
71
What is the remainder when 16175 is divided by 2302?
61
What is the remainder when 18884 is divided by 26?
8
What is the remainder when 13002 is divided by 143?
132
Calculate the remainder when 92678 is divided by 57.
53
Calculate the remainder when 6746 is divided by 143.
25
What is the remainder when 810 is divided by 47?
11
Calculate the remainder when 21005 is divided by 1916.
1845
Calculate the remainder when 48066 is divided by 418.
414
What is the remainder when 618015 is divided by 712?
711
Calculate the remainder when 6461 is divided by 3063.
335
What is the remainder when 14556 is divided by 13?
9
What is the remainder when 952 is divided by 651?
301
Calculate the remainder when 2012 is divided by 236.
124
Calculate the remainder when 8870 is divided by 369.
14
Calculate the remainder when 6536 is divided by 3239.
58
Calculate the remainder when 32705 is divided by 17.
14
Calculate the remainder when 5767 is divided by 385.
377
Calculate the remainder when 13582 is divided by 151.
143
What is the remainder when 5691 is divided by 168?
147
What is the remainder when 112345 is divided by 283?
277
What is the remainder when 100371 is divided by 722?
13
What is the remainder when 78163 is divided by 17?
14
Calculate the remainder when 2519823 is divided by 1925.
1923
Calculate the remainder when 2726 is divided by 505.
201
What is the remainder when 4862 is divided by 130?
52
What is the remainder when 76548 is divided by 57?
54
Calculate the remainder when 10051 is divided by 5016.
19
What is the remainder when 317916 is divided by 79?
20
What is the remainder when 2941 is divided by 1442?
57
Calculate the remainder when 2768 is divided by 2435.
333
What is the remainder when 2758 is divided by 97?
42
Calculate the remainder when 3673 is divided by 62.
15
Calculate the remainder when 536744 is divided by 7.
5
Calculate the remainder when 3951 is divided by 394.
11
Calculate the remainder when 69063 is divided by 23021.
0
What is the remainder when 39782 is divided by 365?
362
Calculate the remainder when 12302 is divided by 18.
8
Calculate the remainder when 4911 is divided by 952.
151
Calculate the remainder when 10037 is divided by 3337.
26
Calculate the remainder when 539 is divided by 114.
83
Calculate the remainder when 25486 is divided by 53.
46
What is the remainder when 339689 is divided by 26?
25
What is the remainder when 211607 is divided by 232?
23
Calculate the remainder when 9655 is divided by 339.
163
Calculate the remainder when 1213 is divided by 200.
13
Calculate the remainder when 8893 is divided by 358.
301
What is the remainder when 6184 is divided by 52?
48
What is the remainder when 12751 is divided by 354?
7
What is the remainder when 19190 is divided by 835?
820
Calculate the remainder when 4267 is divided by 1060.
27
What is the remainder when 1131 is divided by 218?
41
Calculate the remainder when 50101 is divided by 87.
76
Calculate the remainder when 1973 is divided by 427.
265
Calculate the remainder when 4508 is divided by 294.
98
Calculate the remainder when 2444 is divided by 2160.
284
Calculate the remainder when 188389 is divided by 4.
1
What is the remainder when 133161 is divided by 162?
159
What is the remainder when 108139 is divided by 87?
85
What is the remainder when 15563 is divided by 3736?
619
Calculate the remainder when 213380 is divided by 9.
8
What is the remainder when 77016 is divided by 83?
75
Calculate the remainder when 185263 is divided by 454.
31
What is the remainder when 213303 is divided by 91?
90
Calculate the remainder when 6933 is divided by 360.
93
What is the remainder when 448653 is divided by 12?
9
What is the remainder when 8369 is divided by 4099?
171
Calculate the remainder when 1391 is divided by 367.
290
Calculate the remainder when 10336 is divided by 116.
12
What is the remaind